{"id":349,"date":"2025-11-17T19:26:01","date_gmt":"2025-11-17T18:26:01","guid":{"rendered":"https:\/\/marcinkapral.pl\/?page_id=349"},"modified":"2025-11-17T19:26:01","modified_gmt":"2025-11-17T18:26:01","slug":"strony-internetowe","status":"publish","type":"page","link":"https:\/\/mar.marcinkapral.pl\/?page_id=349","title":{"rendered":"Strony internetowe"},"content":{"rendered":"<h2>Us\u0142ugi<\/h2>\n<h2>Poznaj bli\u017cej moje us\u0142ugi !<\/h2>\n<h1>Tworzenie Stron Internetowych \u2013 Kompleksowa Realizacja od A do Z<\/h1>\n<p data-start=\"309\" data-end=\"706\">Tworz\u0119 nowoczesne, szybkie i skuteczne strony internetowe, dopasowane do potrzeb Twojego biznesu. Ka\u017cdy projekt realizuj\u0119 wed\u0142ug jasno okre\u015blonego procesu, dzi\u0119ki czemu masz pe\u0142n\u0105 kontrol\u0119 nad ka\u017cdym etapem powstawania strony.<\/p>\n<ul>\n<li>\n\t\t\t\t\t\t\t<svg aria-hidden=\"true\" viewBox=\"0 0 512 512\" xmlns=\"http:\/\/www.w3.org\/2000\/svg\"><path d=\"M256 8C119 8 8 119 8 256s111 248 248 248 248-111 248-248S393 8 256 8z\"><\/path><\/svg><br \/>\n\t\t\t\t\t\t\t\t\t\tKonsultacja i Analiza Potrzeb\n\t\t\t\t\t\t\t\t\t<\/li>\n<li>\n\t\t\t\t\t\t\t<svg aria-hidden=\"true\" viewBox=\"0 0 512 512\" xmlns=\"http:\/\/www.w3.org\/2000\/svg\"><path d=\"M256 8C119 8 8 119 8 256s111 248 248 248 248-111 248-248S393 8 256 8z\"><\/path><\/svg><br \/>\n\t\t\t\t\t\t\t\t\t\tProjektowanie UX\/UI\n\t\t\t\t\t\t\t\t\t<\/li>\n<li>\n\t\t\t\t\t\t\t<svg aria-hidden=\"true\" viewBox=\"0 0 512 512\" xmlns=\"http:\/\/www.w3.org\/2000\/svg\"><path d=\"M256 8C119 8 8 119 8 256s111 248 248 248 248-111 248-248S393 8 256 8z\"><\/path><\/svg><br \/>\n\t\t\t\t\t\t\t\t\t\tProfesjonalne Kodowanie\n\t\t\t\t\t\t\t\t\t<\/li>\n<li>\n\t\t\t\t\t\t\t<svg aria-hidden=\"true\" viewBox=\"0 0 512 512\" xmlns=\"http:\/\/www.w3.org\/2000\/svg\"><path d=\"M256 8C119 8 8 119 8 256s111 248 248 248 248-111 248-248S393 8 256 8z\"><\/path><\/svg><br \/>\n\t\t\t\t\t\t\t\t\t\tIntegracje i Funkcjonalno\u015bci\n\t\t\t\t\t\t\t\t\t<\/li>\n<li>\n\t\t\t\t\t\t\t<svg aria-hidden=\"true\" viewBox=\"0 0 512 512\" xmlns=\"http:\/\/www.w3.org\/2000\/svg\"><path d=\"M256 8C119 8 8 119 8 256s111 248 248 248 248-111 248-248S393 8 256 8z\"><\/path><\/svg><br \/>\n\t\t\t\t\t\t\t\t\t\tOptymalizacja SEO\n\t\t\t\t\t\t\t\t\t<\/li>\n<li>\n\t\t\t\t\t\t\t<svg aria-hidden=\"true\" viewBox=\"0 0 512 512\" xmlns=\"http:\/\/www.w3.org\/2000\/svg\"><path d=\"M256 8C119 8 8 119 8 256s111 248 248 248 248-111 248-248S393 8 256 8z\"><\/path><\/svg><br \/>\n\t\t\t\t\t\t\t\t\t\tTestowanie i Publikacja\n\t\t\t\t\t\t\t\t\t<\/li>\n<li>\n\t\t\t\t\t\t\t<svg aria-hidden=\"true\" viewBox=\"0 0 512 512\" xmlns=\"http:\/\/www.w3.org\/2000\/svg\"><path d=\"M256 8C119 8 8 119 8 256s111 248 248 248 248-111 248-248S393 8 256 8z\"><\/path><\/svg><br \/>\n\t\t\t\t\t\t\t\t\t\tWsparcie i Gwarancja\n\t\t\t\t\t\t\t\t\t<\/li>\n<\/ul>\n<p>\t\t\t\t\t\t\t\t\t\t\t\t<a href=\"https:\/\/mar.marcinkapral.pl\/?page_id=310\"><br \/>\n\t\t\t\t\t\t\t\t\tSkonsultuj projekt<br \/>\n\t\t\t\t\t<\/a><br \/>\n\t\t\t\t\t\t\t\t\t\t\t\t\t\t\t\t\t\t\t<img loading=\"lazy\" decoding=\"async\" width=\"303\" height=\"457\" src=\"https:\/\/mar.marcinkapral.pl\/wp-content\/uploads\/2025\/11\/Projekt-bez-nazwy-7-e1763397043301.png\" alt=\"\" srcset=\"https:\/\/marcinkapral.pl\/wp-content\/uploads\/2025\/11\/Projekt-bez-nazwy-7-e1763397043301.png 303w, https:\/\/marcinkapral.pl\/wp-content\/uploads\/2025\/11\/Projekt-bez-nazwy-7-e1763397043301-199x300.png 199w\" sizes=\"auto, (max-width: 303px) 100vw, 303px\" \/><\/p>\n","protected":false},"excerpt":{"rendered":"<p>Us\u0142ugi Poznaj bli\u017cej moje us\u0142ugi ! Tworzenie Stron Internetowych \u2013 Kompleksowa Realizacja od A do Z Tworz\u0119 nowoczesne, szybkie i skuteczne strony internetowe, dopasowane do potrzeb Twojego biznesu. Ka\u017cdy projekt realizuj\u0119 wed\u0142ug jasno okre\u015blonego procesu, dzi\u0119ki czemu masz pe\u0142n\u0105 kontrol\u0119 nad ka\u017cdym etapem powstawania strony. Konsultacja i Analiza Potrzeb Projektowanie UX\/UI Profesjonalne Kodowanie Integracje i [&hellip;]<\/p>\n","protected":false},"author":2,"featured_media":0,"parent":0,"menu_order":0,"comment_status":"closed","ping_status":"closed","template":"","meta":{"footnotes":""},"class_list":["post-349","page","type-page","status-publish","hentry"],"_links":{"self":[{"href":"https:\/\/mar.marcinkapral.pl\/index.php?rest_route=\/wp\/v2\/pages\/349","targetHints":{"allow":["GET"]}}],"collection":[{"href":"https:\/\/mar.marcinkapral.pl\/index.php?rest_route=\/wp\/v2\/pages"}],"about":[{"href":"https:\/\/mar.marcinkapral.pl\/index.php?rest_route=\/wp\/v2\/types\/page"}],"author":[{"embeddable":true,"href":"https:\/\/mar.marcinkapral.pl\/index.php?rest_route=\/wp\/v2\/users\/2"}],"replies":[{"embeddable":true,"href":"https:\/\/mar.marcinkapral.pl\/index.php?rest_route=%2Fwp%2Fv2%2Fcomments&post=349"}],"version-history":[{"count":0,"href":"https:\/\/mar.marcinkapral.pl\/index.php?rest_route=\/wp\/v2\/pages\/349\/revisions"}],"wp:attachment":[{"href":"https:\/\/mar.marcinkapral.pl\/index.php?rest_route=%2Fwp%2Fv2%2Fmedia&parent=349"}],"curies":[{"name":"wp","href":"https:\/\/api.w.org\/{rel}","templated":true}]}}